e 12
29
Convert 0 (base 11) to base 8.
0
1010 (base 2) to base 14
a
Convert 3 (base 13) to base 2.
11
What is -386 (base 9) in base 14?
-18d
-1 (base 9) to base 2
-1
Convert 3 (base 4) to base 2.
11
What is -2 (base 15) in base 9?
-2
-6 (base 13) to base 5
-11
45 (base 6) to base 3
1002
Convert c (base 16) to base 5.
22
Convert -4 (base 11) to base 14.
-4
2 (base 13) to base 14
2
Convert -2 (base 9) to base 11.
-2
What is -1b (base 12) in base 8?
-27
What is 23 (base 15) in base 9?
36
Convert 57 (base 11) to base 14.
46
-10 (base 4) to base 16
-4
What is -a (base 16) in base 9?
-11
What is -11222 (base 3) in base 8?
-206
Convert -15 (base 7) to base 13.
-c
Convert 188 (base 15) to base 16.
161
Convert -4 (base 13) to base 14.
-4
Convert 148 (base 10) to base 4.
2110
-3 (base 13) to base 12
-3
0 (base 6) to base 3
0
0 (base 10) to base 4
0
Convert -1 (base 5) to base 4.
-1
What is b (base 16) in base 10?
11
What is 10 (base 13) in base 11?
12
32 (base 13) to base 12
35
What is -3 (base 9) in base 10?
-3
Convert 214 (base 5) to base 6.
135
What is -11101 (base 2) in base 5?
-104
-2a (base 12) to base 14
-26
-4 (base 16) to base 10
-4
Convert -16 (base 16) to base 7.
-31
0 (base 11) to base 13
0
80 (base 9) to base 10
72
What is -56 (base 10) in base 15?
-3b
Convert 320 (base 6) to base 4.
1320
Convert 0 (base 12) to base 13.
0
Convert 33 (base 6) to base 14.
17
What is 35 (base 9) in base 7?
44
3c (base 14) to base 3
2000
What is -9 (base 10) in base 12?
-9
Convert -510 (base 6) to base 7.
-354
What is -130 (base 10) in base 13?
-a0
-8 (base 14) to base 11
-8
1 (base 5) to base 11
1
What is 2311 (base 5) in base 2?
101001011
Convert 42 (base 10) to base 8.
52
Convert -3 (base 10) to base 11.
-3
Convert 22121 (base 3) to base 9.
277
What is -10 (base 4) in base 2?
-100
0 (base 5) to base 16
0
204 (base 13) to base 10
342
Convert -3 (base 16) to base 10.
-3
What is -1 (base 2) in base 12?
-1
10 (base 6) to base 10
6
124 (base 7) to base 11
61
Convert -2 (base 5) to base 3.
-2
Convert 2e (base 15) to base 16.
2c
Convert 11 (base 3) to base 7.
4
What is -313 (base 4) in base 5?
-210
1001 (base 2) to base 16
9
11201 (base 3) to base 15
87
211 (base 6) to base 5
304
Convert 1211 (base 3) to base 5.
144
What is -101 (base 11) in base 15?
-82
Convert 34 (base 6) to base 14.
18
What is 8 (base 16) in base 5?
13
Convert -d (base 15) to base 2.
-1101
3 (base 13) to base 3
10
What is 1 (base 2) in base 6?
1
Convert 1 (base 3) to base 11.
1
42 (base 9) to base 15
28
Convert -6 (base 9) to base 7.
-6
5 (base 11) to base 4
11
What is -1 (base 11) in base 12?
-1
Convert 2 (base 4) to base 10.
2
What is 112 (base 3) in base 8?
16
What is 87 (base 9) in base 14?
59
Convert -7 (base 13) to base 6.
-11
-2b (base 12) to base 9
-38
What is -335 (base 9) in base 2?
-100010011
-14 (base 11) to base 5
-30
What is 11211 (base 3) in base 14?
94
What is 101 (base 2) in base 11?
5
Convert 2 (base 13) to base 6.
2
-142 (base 8) to base 16
-62
Convert -1 (base 7) to base 2.
-1
0 (base 8) to base 12
0
Convert 10 (base 10) to base 11.
a
What is 3 (base 10) in base 8?
3
What is 4 (base 6) in base 2?
100
-2342 (base 5) to base 8
-533
What is 10 (base 3) in base 13?
3
-b7 (base 15) to base 4
-2230
-28 (base 10) to base 5
-103
13 (base 10) to base 7
16
Convert -29 (base 10) to base 3.
-1002
What is -1 (base 6) in base 4?
-1
Convert -3 (base 16) to base 14.
-3
Convert 154 (base 6) to base 14.
50
Convert 122 (base 3) to base 7.
23
Convert -127 (base 15) to base 10.
-262
-44 (base 5) to base 13
-1b
Convert -6 (base 7) to base 12.
-6
Convert -1 (base 16) to base 5.
-1
21 (base 10) to base 12
19
-5 (base 16) to base 9
-5
6 (base 10) to base 14
6
Convert -1 (base 10) to base 5.
-1
-530 (base 7) to base 2
-100001010
What is -e8 (base 16) in base 9?
-277
Convert -53 (base 14) to base 6.
-201
12 (base 4) to base 9
6
-1 (base 4) to base 2
-1
What is 11100 (base 3) in base 13?
90
3 (base 8) to base 5
3
Convert 16 (base 11) to base 16.
11
What is -1002 (base 3) in base 4?
-131
Convert -82 (base 9) to base 15.
-4e
What is 138 (base 12) in base 2?
10111100
Convert 1 (base 5) to base 15.
1
1 (base 5) to base 6
1
142 (base 5) to base 14
35
What is -8 (base 13) in base 16?
-8
What is 8 (base 11) in base 4?
20
-75 (base 16) to base 13
-90
What is 0 (base 4) in base 3?
0
2 (base 13) to base 4
2
-3012 (base 4) to base 9
-240
What is -22 (base 14) in base 12?
-26
64 (base 14) to base 16
58
Convert 0 (base 7) to base 9.
0
3 (base 8) to base 10
3
What is 2 (base 15) in base 10?
2
Convert 11110 (base 3) to base 8.
170
2 (base 14) to base 10
2
Convert 1 (base 2) to base 3.
1
Convert 1000101 (base 2) to base 15.
49
Convert -76 (base 13) to base 12.
-81
Convert 3 (base 4) to base 14.
3
What is 1201 (base 6) in base 8?
441
What is -110 (base 3) in base 16?
-c
Convert -104 (base 8) to base 12.
-58
Convert -3 (base 16) to base 10.
-3
-1b (base 16) to base 2
-11011
What is 8 (base 10) in base 15?
8
What is 2 (base 12) in base 5?
2
What is 7 (base 8) in base 10?
7
Convert 18 (base 11) to base 4.
103
-6 (base 11) to base 13
-6
-5 (base 13) to base 2
-101
4 (base 9) to base 6
4
What is 1010 (base 2) in base 4?
22
-101 (base 3) to base 8
-12
0 (base 2) to base 6
0
10100 (base 2) to base 14
16
Convert -1 (base 2) to base 7.
-1
1 (base 8) to base 13
1
Convert 30 (base 6) to base 9.
20
Convert 2012 (base 3) to base 11.
54
1001110 (base 2) to base 9
86
What is -1 (base 13) in base 5?
-1
123 (base 4) to base 3
1000
Convert -1 (base 10) to base 8.
-1
What is -3 (base 11) in base 8?
-3
What is 3 (base 11) in base 14?
3
-17 (base 9) to base 13
-13
Convert -2 (base 5) to base 6.
-2
What is 44 (base 8) in base 12?
30
11 (base 4) to base 11
5
What is -231 (base 6) in base 3?
-10101
11000100 (base 2) to base 3
21021
Convert -48 (base 11) to base 3.
-1221
What is -255 (base 6) in base 7?
-212
What is -101 (base 5) in base 15?
-1b
What is -24 (base 10) in base 13?
-1b
-2 (base 6) to base 4
-2
What is 1 (base 8) in base 5?
1
What is 275 (base 8) in base 7?
360
-2112 (base 3) to base 2
-1000100
Convert -5 (base 10) to base 15.
-5
What is -100 (base 4) in base 13?
-13
What is -4 (base 15) in base 7?
-4
11 (base 11) to base 12
10
Convert 3 (base 12) to base 2.
11
-35 (base 8) to base 12
-25
-2 (base 15) to base 16
-2
What is 10 (base 2) in base 11?
2
Convert 0 (base 3) to base 16.
0
Convert 5 (base 8) to base 16.
5
-4 (base 9) to base 13
-4
What is 2011 (base 3) in base 4?
322
-10 (base 3) to base 4
-3
What is -2 (base 10) in base 13?
-2
-73 (base 10) to base 16
-49
What is 21 (base 5) in base 9?
12
What is 11 (base 3) in base 6?
4
Convert 4 (base 15) to base 5.
4
Convert 212 (base 7) to base 11.
98
-8 (base 12) to base 10
-8
Convert b (base 12) to base 16.
b
What is -4 (base 5) in base 11?
-4
Convert 106 (base 10) to base 2.
1101010
11 (base 3) to base 10
4
Convert 4 (base 5) to base 10.
4
Convert -3 (base 8) to base 16.
-3
-4 (base 7) to base 9
-4
Convert 16 (base 12) to base 4.
102
Convert 6 (base 7) to base 2.
110
Convert 40 (base 8) to base 7.
44
What is -347 (base 8) in base 6?
-1023
What is 35 (base 12) in base 13?
32
Convert -27 (base 11) to base 4.
-131
Convert -12 (base 11) to base 8.
-15
Convert 101 (base 5) to base 8.
32
Convert 46 (base 15) to base 11.
60
Convert 10 (base 12) to base 10.
12
3212 (base 4) to base 12
172
What is 100 (base 4) in base 8?
20
145 (base 8) to base 11
92
What is 17 (base 10) in base 4?
101
What is -1 (base 7) in base 9?
-1
Convert 23 (base 9) to base 7.
30
What is 3 (base 4) in base 14?
3
-19 (base 12) to base 11
-1a
Convert -54 (base 8) to base 16.
-2c
What is 20 (base 4) in base 5?
13
1000 (base 2) to base 15
8
Convert -44 (base 6) to base 5.
-103
Convert -3 (base 14) to base 4.
-3
-17 (base 11) to base 2
-10010
What is 3 (base 15) in base 5?
3
What is -152 (base 7) in base 15?
-5b
Convert -11111100 (base 2) to base 5.
-2002
What is 3 (base 9) in base 14?
3
What is 6 (base 12) in base 8?
6
102 (base 5) to base 4
123
-1330 (base 4) to base 7
-235
Convert -121 (base 3) to base 14.
-12
What is 1 (base 7) in base 10?
1
31 (base 7) to base 6
34
Convert 96 (base 12) to base 7.
222
Convert -110 (base 2) to base 5.
-11
Convert -31 (base 6) to base 8.
-23
What is -102 (base 8) in base 11?
-60
-101